/2 - 6*d + 13. Let g be k(2). What is the highest common factor of 100 and g?
20
Suppose 4*i - 54 = i. Let m be 160/(-96)*(-58 - -4). What is the greatest common divisor of i and m?
18
Suppose 26*l + 19320 = 68*l. Calculate the greatest common factor of 20 and l.
20
Suppose -3*y - 469 = -5*i + 2581, 5*y = -2*i + 1220. Calculate the highest common factor of i and 244.
122
Let d(v) = -11*v - 20 - 3*v - 3*v. Let j be d(-4). Let s(u) = u**3 + 4*u**2 - 2*u - 2. Let y be s(-4). Calculate the highest common divisor of j and y.
6
Suppose -8*r = -175 + 15. Suppose -r = -9*c + 8*c. What is the highest common divisor of 30 and c?
10
Suppose 0 = -626*m + 651*m - 700. Let v be 26 + 1 + (-2 - -3). What is the greatest common factor of v and m?
28
Suppose -48*x = -44*x - 496. Calculate the greatest common divisor of x and 4.
4
Let o(g) = g**3 + 5*g**2 - 16*g - 9. Let y be o(-7). Suppose 3*r = z + 8, 0 = -y*r + z + 12. What is the greatest common factor of r and 16?
2
Let t be (1/1 + 0)/((-24)/(-432)). Let m(s) = -s**3 + 6*s**2 - s + 12. Let r be m(6). What is the highest common factor of r and t?
6
Let p = 63 + -35. Let d = p - -37. What is the greatest common factor of 13 and d?
13
Suppose -p + 452 + 392 = 0. Suppose 5*w - w + p = -3*n, 0 = -5*n - 2*w - 1388. Let b = 430 + n. What is the greatest common factor of b and 22?
22
Suppose 3*s = -2*x + 792 + 1029, 4*x = 3*s - 1803. What is the greatest common divisor of s and 5?
5
Suppose -4 = 8*h - 9*h. Suppose -80 = -2*u + 4*w, 2*u + 0*w = -4*w + 64. Calculate the greatest common factor of h and u.
4
Suppose 3*t - 13*t + 20 = 0. Let y be 6/15*((0 - t) + 477). Calculate the greatest common divisor of y and 76.
38
Let k = 31 + -40. Let o(g) = g + 13. Let c be o(k). Calculate the greatest common divisor of c and 1.
1
Suppose 2*t - 9 = -t, h - 59 = -3*t. What is the highest common factor of 250 and h?
50
Let d(q) = 2*q**3 - 4*q**2 - 16*q. Let f be d(7). What is the greatest common factor of 14 and f?
14
Let u be 10/6 - 6/9. Let f be (u - (-2 + 0)) + 7. Let s be -5 + 112/24 + 31/3. What is the highest common factor of f and s?
10
Suppose 25 = i - 6*i. Let q be 48 + (4 - (-20)/i). What is the highest common divisor of q and 192?
48
Suppose -4*u + 8*u + 4*m - 40 = 0, 2*m = -3*u + 27. Let c be ((-88)/(-32))/((-1)/(-28)). Calculate the greatest common factor of c and u.
7
Suppose 0*q - 35 = -q. Let p = 124 - 301. Let k = p + 191. What is the greatest common divisor of q and k?
7
Let q = 34 + -30. Let k be 15/20 - 639/(-12) - q. What is the greatest common divisor of 50 and k?
50
Let j = -17 + 42. Suppose v = -80*z + 78*z + 103, 3*v + 91 = 2*z. What is the greatest common divisor of j and z?
25
Let r be (-54 - -58)*(1 - 1 - -110). What is the greatest common divisor of 55 and r?
55
Suppose 3*b - 654 = -3*b. Suppose -5*l = -p + 34, 2*p - 3*l + 13 = b. What is the greatest common factor of p and 6?
6
Let n be ((-484)/363)/(2/(-27)). Calculate the greatest common factor of n and 264.
6
Let m(u) = 103*u + 554. Let a be m(-5). Calculate the highest common factor of a and 104.
13
Let k(j) = -j**3 - 10*j**2 + 11*j + 3. Let g be k(-11). Let u be 3 + g/(-5 + 2). What is the greatest common divisor of u and 2?
2
Let y(j) = -j**2 + j + 2. Let k be y(0). Suppose 4*w + 6 = -k*z, -3*w - 11 = -z + 1. What is the greatest common factor of 1 and z?
1
Let k(x) = -24*x - 3. Let r be k(-2). What is the highest common factor of r and 36?
9
Let y(z) = -z**3 + 8*z**2 - 7*z + 8. Let j(f) = f**2 + 6*f + 6. Let x be j(-6). Let v be y(x). Let w = -27 + v. What is the highest common divisor of w and 44?
11
Suppose -164 = -x - 3*x. Let b(j) = j**2 - 3*j - 9. Let y be b(-20). What is the highest common factor of y and x?
41
Let r = -132 - -200. Calculate the greatest common factor of 68 and r.
68
Let c(r) = -r**3 + 2*r**2 + r. Suppose -5*z - 4 = -7*z. Let s be c(z). Suppose -14 = 2*y - 46. What is the highest common factor of s and y?
2
Suppose 34*q = 2561 + 1519. Let p be 2*12*(1 - 0). Calculate the greatest common factor of p and q.
24
Let n(c) be the first derivative of c**3/3 - 9*c**2/2 - 13*c + 15. Let w be n(13). Calculate the greatest common divisor of 429 and w.
39
Suppose -36 = 4*o + 4*j, -5*o = -0*o + j + 25. Suppose 266 = 2*n - 0*n. Let l be 2432/n - o/(-14). What is the greatest common factor of 45 and l?
9
Let g be -2*(-22 - 24/(-4)) - 0. What is the highest common factor of g and 64?
32
Let w = 1172 + -2760. Let s be 4/(-22) + w/(-22). Calculate the highest common divisor of 18 and s.
18
Suppose 0 = 877*h - 867*h - 1750. What is the highest common divisor of 7 and h?
7
Let r(q) = -55*q + 835. Let u be r(14). Calculate the greatest common factor of 52 and u.
13
Let l be 1 - -2 - (6/(-3) + 2). Suppose -l*d = -4*y - 36, 11*d - 2*y - 46 = 6*d. Calculate the greatest common factor of d and 88.
8
Suppose 2*n - 12 = -0*n. Let d be ((-4)/n)/((-1)/(-12)). Let b = 13 + d. Calculate the greatest common factor of b and 15.
5
Let y(d) = d**2 + 7*d - 4. Let q be y(-8). Let u(w) = w**2 - 5. Let g be u(q). Let k be -2 - -2 - 1*-33. What is the greatest common factor of k and g?
11
Suppose 8*t - 1195 - 477 = 0. Suppose -3*f - 92 = 103. Let j = -46 - f. Calculate the highest common divisor of j and t.
19
Let h = 29 - 25. Suppose k = h*k - 24. Calculate the highest common divisor of 2 and k.
2
Let l(w) = w**2 + 3*w - 31. Let k be l(-10). Suppose 3*g + k = q, 5*q + g - 101 - 94 = 0. What is the greatest common divisor of 273 and q?
39
Let r(b) = b - 3. Let a be r(5). Let m = a + 2. Suppose -175 = -m*v - 71. Calculate the highest common divisor of 26 and v.
26
Let y be 2 - -152 - (-8)/4. What is the greatest common divisor of y and 60?
12
Suppose 4*y - 25 = w, 2*y - 45*w - 30 = -41*w. Calculate the greatest common divisor of 25 and y.
5
Let n = 509 - 170. What is the greatest common factor of 3 and n?
3
Let a(q) = q**3 + 7*q**2 - 10*q - 50. Let j be a(-7). Calculate the greatest common factor of j and 90.
10
Suppose 0 = -4*t - 12, -2*a - t + 3*t + 186 = 0. What is the greatest common divisor of 10 and a?
10
Let l be ((-8685)/(-20))/3 + 2/8. Suppose -l = -4*p - 1. Calculate the greatest common factor of 4 and p.
4
Let k = 153 - 215. Let l = -46 - k. What is the highest common factor of 4 and l?
4
Let w be (8/6*-17)/(4/(-24)). Calculate the greatest common factor of w and 34.
34
Let j = -7 + 11. Suppose -6*d + 5*w = -5*d - 17, j*d + 3*w + 1 = 0. Calculate the greatest common factor of 10 and d.
2
Suppose -15*w = -730 + 70. Calculate the greatest common divisor of w and 77.
11
Let v(h) = -14 - h + 3*h + h - 2*h. Let b be v(15). Let j be (-35)/(-2) + b/(-2). Calculate the highest common factor of 187 and j.
17
Let f be ((-492)/60)/((-4)/20). What is the highest common factor of 1 and f?
1
Let v be 5 + -6*(-2)/(-4). Suppose -v*l + 5 = -1. Suppose l*n + 153 = i, n + n = i - 157. What is the greatest common divisor of i and 15?
15
Let a(v) = 9*v**2 + 2*v. Let y be a(-3). Suppose 2*o - 62 = 3*k, -2*k + 22 = 30. What is the highest common divisor of o and y?
25
Let x(f) = 2*f**2 - 3*f - 107. Let z be x(19). What is the greatest common factor of z and 62?
62
Suppose -872 + 152 = -9*v. Let i = v - 35. What is the greatest common factor of 15 and i?
15
Suppose -5*f = 2*o - 129, 5*f - 121 = 2*o - 0. Let p(y) = 28*y + 4. Let a be p(7). Calculate the highest common divisor of f and a.
25
Suppose 5 + 1 = 2*h, 4*n - 444 = -4*h. Let u be -40 + -1 + 9 + -8. Let z be 116/10 + (-16)/u. What is the highest common factor of n and z?
12
Let m = 38 + -5. Suppose -4*l = 0, -3*j + 0*l - 2*l = -594. Calculate the highest common divisor of j and m.
33
Suppose 6*q = q + 200. Let u(z) = 14*z + 2. Let r(b) = -b**2 + 13*b + 31. Let x be r(15). Let o be u(x). Calculate the highest common factor of q and o.
8
Let w be 53*2/4*6/3. What is the greatest common divisor of 265 and w?
53
Suppose 3*o - 180 = 5*u, 5*o - 218 = 3*u + 82. Calculate the greatest common factor of 312 and o.
12
Let w(f) be the third derivative of -f**6/120 + 2*f**5/15 + 5*f**4/12 - 543*f**2. Let d = 2 + 6. Let n be w(d). What is the greatest common divisor of 32 and n?
16
Let c(o) = o**2 + 17*o - 57. Let y be c(-23). Let w = 7 + -4. Calculate the greatest common divisor of w and y.
3
Suppose -107 = -7*y - 37. What is